 of 7009898 and 42.
14
Calculate the greatest common divisor of 28880 and 8420.
20
Calculate the greatest common divisor of 14340780 and 540.
540
What is the highest common divisor of 85 and 93320820?
85
Calculate the greatest common factor of 4044908 and 112.
28
What is the highest common divisor of 473235 and 333235?
35
What is the greatest common divisor of 1041928 and 64?
8
What is the greatest common divisor of 26785 and 7095?
55
Calculate the greatest common divisor of 334125 and 7722.
297
Calculate the highest common divisor of 3215292 and 1020.
12
Calculate the greatest common factor of 202882 and 29469.
19
What is the highest common divisor of 20109180 and 315?
105
Calculate the greatest common divisor of 19 and 1736634.
1
Calculate the greatest common factor of 62756700 and 12.
12
What is the highest common divisor of 709266 and 978?
6
What is the highest common divisor of 3393 and 3252321?
261
Calculate the highest common divisor of 735763 and 11837.
623
What is the greatest common divisor of 8385 and 1147965?
195
Calculate the highest common factor of 26660 and 2300070.
430
Calculate the highest common factor of 119 and 10710238.
119
Calculate the greatest common divisor of 57 and 151761759.
57
What is the highest common divisor of 18091503 and 63?
9
Calculate the greatest common divisor of 40980807 and 441.
441
What is the greatest common divisor of 656 and 1543609?
41
Calculate the greatest common factor of 126405819 and 54.
27
What is the greatest common factor of 1071057 and 194184?
87
Calculate the highest common factor of 795 and 212175.
15
What is the highest common factor of 270544 and 166352?
592
Calculate the highest common divisor of 25401822 and 646.
38
What is the greatest common divisor of 150442563 and 1127?
23
Calculate the greatest common divisor of 1112 and 89903532.
556
What is the highest common divisor of 1814442 and 28?
14
Calculate the greatest common factor of 1060486 and 118111.
2513
Calculate the highest common divisor of 14077 and 771729.
7
Calculate the highest common divisor of 54550294 and 284.
142
Calculate the highest common divisor of 399408 and 371.
53
What is the greatest common factor of 450435431 and 142?
71
Calculate the greatest common divisor of 269 and 50638981.
269
Calculate the greatest common divisor of 3629850 and 4200.
1050
What is the highest common divisor of 359888074 and 182?
182
What is the highest common divisor of 126965 and 537675?
335
Calculate the greatest common factor of 10347969 and 2920.
73
Calculate the greatest common factor of 323 and 1352629.
19
What is the greatest common factor of 13145 and 147345?
55
What is the highest common divisor of 122388755 and 3142?
1571
What is the highest common divisor of 940 and 9019770?
470
Calculate the highest common divisor of 104 and 10269714.
26
Calculate the highest common factor of 1020 and 5673444.
204
What is the greatest common factor of 1610 and 11011?
7
What is the greatest common divisor of 156 and 14679067?
13
Calculate the highest common divisor of 3127201 and 10472.
1309
What is the highest common factor of 1346040 and 160?
40
What is the highest common factor of 30 and 27828672?
6
What is the greatest common divisor of 22422150 and 100?
50
What is the greatest common factor of 23492133 and 8127?
189
Calculate the highest common factor of 352608 and 112.
16
What is the greatest common factor of 118032 and 192?
48
What is the greatest common factor of 306402 and 1699638?
1374
What is the greatest common factor of 170065 and 3594241?
301
Calculate the greatest common factor of 284 and 1079271.
71
What is the highest common divisor of 220786 and 25139?
1093
Calculate the greatest common factor of 2480025 and 15405.
15
What is the greatest common divisor of 515287419 and 134?
67
What is the greatest common divisor of 14931642 and 121?
121
What is the greatest common divisor of 5082 and 64624?
14
What is the highest common divisor of 141141 and 10318?
77
Calculate the greatest common factor of 702 and 25075570.
26
What is the greatest common factor of 952 and 25206104?
952
What is the highest common factor of 87897 and 1850073?
1059
What is the highest common divisor of 3165 and 853395?
15
What is the greatest common factor of 290 and 163312485?
145
Calculate the greatest common factor of 8704 and 3814480.
16
What is the highest common divisor of 56071264 and 32?
32
What is the highest common divisor of 4780 and 5701823?
239
What is the greatest common divisor of 17106659 and 3369?
1123
What is the highest common divisor of 20678 and 28364?
14
What is the greatest common factor of 3171204 and 9612?
108
What is the greatest common factor of 36815335 and 164?
41
What is the highest common factor of 6159968 and 96?
32
What is the greatest common factor of 25376 and 1047072?
416
What is the highest common divisor of 2160 and 91430?
10
Calculate the highest common divisor of 702 and 21476718.
54
What is the highest common factor of 2914 and 15019934?
62
Calculate the greatest common factor of 47844 and 9180.
108
Calculate the highest common factor of 121210 and 112608.
782
What is the greatest common divisor of 362284 and 7397?
13
Calculate the highest common factor of 440 and 230725.
55
What is the highest common factor of 1930 and 119844315?
965
What is the greatest common factor of 416870685 and 3234?
1617
What is the highest common factor of 128508291 and 253?
23
What is the highest common divisor of 291 and 44866671?
291
Calculate the greatest common factor of 3895193 and 4437.
493
Calculate the greatest common factor of 8105515 and 136.
17
Calculate the highest common divisor of 7172243 and 246441.
1157
Calculate the highest common divisor of 1105 and 53726465.
65
Calculate the greatest common factor of 2152 and 7920974.
538
Calculate the highest common divisor of 4574596 and 10400.
52
What is the greatest common divisor of 96062592 and 108?
12
What is the highest common factor of 173615227 and 689?
53
What is the greatest common factor of 307398 and 858?
78
Calculate the highest common divisor of 6279 and 2736402.
69
Calculate the greatest common divisor of 38 and 28305174.
38
Calculate the highest common divisor of 469 and 9618788.
67
Calculate the highest common divisor of 11670 and 275999390.
3890
Calculate the highest common factor of 735183087 and 159.
159
Calculate the highest common divisor of 568 and 22207784.
8
What is the greatest common divisor of 128952 and 18316756?
796
Calculate the greatest common factor of 4869 and 2376315450.
4869
Calculate the highest common factor of 2130 and 921160.
10
Calculate the greatest common factor of 50226 and 107335245.
2283
Calculate the highest common factor of 254170893 and 1462.
731
Calculate the greatest common factor of 56667368 and 11392.
712
What is the highest common divisor of 40 and 212364036?
4
What is the highest common divisor of 11208613 and 147706?
5681
Calculate the greatest common divisor of 2470752 and 1380.
276
What is the highest common factor of 3160 and 816517930?
790
What is the greatest common factor of 20165 and 140600?
185
Calculate the highest common factor of 20983335 and 480.
15
What is the greatest common divisor of 2371 and 1306017930?
2371
What is the highest common factor of 2350285584 and 31?
31
What is the highest common divisor of 6781020 and 135?
15
What is the highest common divisor of 2416 and 10924?
4
What is the highest common factor of 4424518 and 210?
14
What is the highest common factor of 50179 and 61370?
361
What is the greatest common factor of 2194 and 380803804?
2194
Calculate the highest common factor of 2926881182 and 961.
961
What is the highest common divisor of 1206 and 205824?
402
What is the highest common factor of 118 and 4146638?
118
What is the highest common factor of 708097215 and 105?
105
What is the highest common divisor of 2 and 19769977?
1
What is the greatest common factor of 2372646 and 36208?
146
What is the greatest common divisor of 1148531 and 589?
19
What is the highest common factor of 24 and 15157144?
8
What is the greatest common factor of 15589 and 16760926?
917
What is the greatest common divisor of 11258797 and 91388?
341
What is the greatest common factor of 2502 and 121125573?
1251
What is th